 = 22. Suppose 252 - 708 = -q*u. Calculate the highest common divisor of 95 and u.
19
Let y be 15856/120 - (-2)/(-15). What is the greatest common divisor of 44 and y?
44
Suppose 7*u = 12*u - 4*f - 393, 3*u - 3*f - 234 = 0. What is the greatest common factor of u and 108?
27
Let z(t) = 63*t + 216. Let s be z(0). Calculate the greatest common factor of 108 and s.
108
Suppose -4*x = -2*r + 5*r - 746, -2*r + 516 = -2*x. Suppose -r = -11*g + 351. What is the greatest common factor of 5 and g?
5
Let j(i) = 3*i**2 + 49*i - 33. Let m be j(-17). Calculate the greatest common factor of 3 and m.
1
Suppose -3*q + 6*q - 18 = 0, -78 = -4*x - q. Suppose -3*t + t + 288 = 0. Calculate the greatest common factor of t and x.
18
Let c = -473 + 803. What is the highest common divisor of c and 15?
15
Suppose -7*k + 8*k - 5*h - 29 = 0, -53 = -k - 3*h. Calculate the highest common factor of 11 and k.
11
Let g = 13 + -5. Let r = 18 - 8. Let i = r + -9. What is the highest common divisor of g and i?
1
Let p be (-58)/(-6) - (-2)/(-3). Let f(o) = 23*o - 180. Let z be f(9). What is the highest common divisor of p and z?
9
Let r = -204 - -96. Let g = -58 - r. What is the greatest common divisor of g and 10?
10
Suppose -38*f + 36*f = -224. Calculate the greatest common divisor of 42 and f.
14
Let a be 8/1 + 2 - (10 - 8). What is the greatest common divisor of 416 and a?
8
Suppose 200 = 17*n - 4849. Calculate the highest common factor of n and 27.
27
Suppose -3*p + 2*h = 6*h + 14, 5*p - 2*h = -6. Let b be 5/p*48/(-15). Let x be (19 - -1)*42/b. What is the greatest common divisor of 15 and x?
15
Let p = 83 + -64. Suppose 5*b = p + 11. Calculate the greatest common divisor of 6 and b.
6
Suppose 5*i = 9*k - 10*k + 59, -3*k = -i - 209. What is the greatest common factor of k and 92?
23
Suppose -r + 13*y - 11*y + 163 = 0, -5*r = -5*y - 790. What is the highest common factor of 17 and r?
17
Let l be (-244)/(-11) + (-14)/77. Let i be ((-1045)/57)/(5/(-15)). Calculate the greatest common factor of l and i.
11
Suppose 5*l - 5*s = 485, 0 = 5*l + 3*s - 596 + 119. Let x(k) = 3*k - 2. Let m be x(6). What is the greatest common factor of m and l?
16
Let m(w) = 31*w**3 + w**2 - 10*w + 8. Let c be m(1). What is the highest common divisor of c and 30?
30
Let d = -846 + 1044. What is the greatest common divisor of d and 63?
9
Let d(q) be the third derivative of -q**4/24 + 5*q**3/6 - q**2. Let u be d(-12). Let o = -7 + u. Calculate the highest common factor of 20 and o.
10
Let s(j) = -120*j - 246. Let z be s(-10). What is the greatest common factor of 53 and z?
53
Let c = 889 - 661. Calculate the greatest common factor of c and 76.
76
Let i = 11 + -13. Let g be (6 - i) + 3/(-1). Suppose -4*y - 2*k + 215 = -415, -2*y + 335 = g*k. What is the highest common divisor of y and 31?
31
Let x(u) = 3*u**3 + u**2 + u + 10. Let s be x(0). Suppose 5*d - 36 = 14. What is the highest common factor of d and s?
10
Let m(x) = 2*x**2 + 6*x - 35. Let f be m(10). Calculate the greatest common factor of 25 and f.
25
Let j(c) = -c + 1. Let d(q) = 3*q**2 + 4*q - 13. Let l(u) = d(u) + 5*j(u). Let h be l(3). What is the highest common divisor of 4 and h?
4
Let s = 65 + -65. Suppose -j + 3 + 29 = s. Calculate the greatest common factor of 4 and j.
4
Let m be 4/6 + 64/48. Let u be ((-210)/12)/(m/4). Let l be (-1160)/u - 2/14. Calculate the highest common divisor of 22 and l.
11
Let s(l) = 119*l**2. Let a = 28 + -29. Let c be s(a). Calculate the highest common factor of 17 and c.
17
Let v(p) = p**3 + 6*p**2 + p + 22. Let a be v(-5). What is the highest common divisor of a and 777?
21
Let t be (-7611)/39 - (-8)/52. Let x = t - -283. Let s be (18/15)/((-6)/(-40)). Calculate the greatest common factor of s and x.
8
Let j be ((-2)/(-1))/2 + 2. Let m be j/1*(-130)/(-15). Suppose -4*o - 59 = -215. Calculate the greatest common factor of o and m.
13
Suppose -3*d - f + 3*f = 25, 2*f + 10 = -4*d. Let r be (d + 6)/(2/24). Let t(p) = -2*p - 4. Let y be t(-3). Calculate the greatest common divisor of r and y.
2
Let m be 0 + -3 - (-3 - 5). Suppose c = 4*x - 10 - 67, 15 = m*c. Suppose -x = -3*w - 2*w. What is the greatest common divisor of 2 and w?
2
Let b be -4 + (-2 - (2 - 88)). Suppose -m + b = n, 0*n = -4*m - n + 323. What is the highest common divisor of m and 9?
9
Let u be 42/(8 - 1) + (-1)/(-1). Suppose 3*g - g = 334. Let v be g/6 + (-1)/(-6). What is the greatest common divisor of u and v?
7
Let r(h) = 4*h + 10. Let l be r(-2). Suppose l*u - 63 = -3. Calculate the highest common divisor of 12 and u.
6
Suppose 0 = 4*z - 5*h - 1189, z = 7*h - 2*h + 316. Suppose 0 = 8*r + 67 - z. What is the greatest common divisor of r and 42?
14
Suppose -31 = -5*s + 3*i + 42, -5*i = -s + 19. Suppose s = 8*m - m. What is the highest common divisor of m and 8?
2
Let n(y) = y**2 - 2*y + 4. Let j be n(-4). What is the highest common divisor of j and 56?
28
Let y(l) = -l**3 + 7*l**2 - 6*l + 1. Let j be y(4). Let h be (20/j)/((-2)/(-120)). Let w = h - 3. Calculate the greatest common factor of w and 9.
9
Let w be 2/22 + 1703/143. Calculate the greatest common factor of w and 18.
6
Let o(a) = a**2 + 7*a + 4. Let i be o(-8). Let v be ((-5)/(-3))/(4/i). Suppose 25 - v = 2*d. Calculate the greatest common divisor of d and 2.
2
Suppose 2*c - 600 = -28*c. What is the highest common divisor of 370 and c?
10
Suppose 18 = 2*c + 4*x, 32*c - 34*c + 2*x = 6. Calculate the highest common factor of c and 125.
1
Suppose -5*m + 2*t - 8 = -0*m, 3 = m - 5*t. Let d be 3/m - 33/(-6). What is the highest common factor of 44 and d?
4
Let q = 4 - -9. Let j be 3/(15/20) + q. What is the highest common divisor of j and 153?
17
Suppose 2543 = -25*v + 8718. Calculate the greatest common divisor of v and 13.
13
Suppose -2 + 212 = 5*d. What is the highest common divisor of d and 189?
21
Let f = 904 + -799. Calculate the highest common factor of f and 1295.
35
Let n(p) = 15*p + 5. Let f be n(10). Let a(b) = 13*b + 309. Let r be a(-19). Calculate the greatest common divisor of r and f.
31
Let d(x) = x**3 + 4*x**2 - 5*x. Let i be d(-5). Suppose 3*b = 4*j - 68, i = -5*j - 3*b - b + 116. Calculate the greatest common factor of j and 180.
20
Suppose 0 = -8*i + i + 3570. Suppose 2*q - 8*q + i = 0. Calculate the highest common factor of 17 and q.
17
Suppose -3*r + 54 = 2*a, 15*a + 70 = 18*a - r. What is the greatest common factor of a and 696?
24
Let b(c) = -c**3 + 21*c**2 - 20*c + 6. Let h(v) = v**2 + v + 8. Let g be h(-4). Let a be b(g). What is the greatest common divisor of 42 and a?
6
Suppose 0 = -15*x + 1734 - 954. Calculate the highest common factor of 351 and x.
13
Suppose -4*x + 8 = -5*x. Let s = x + 11. Suppose -k - 9 = -y, -y + s*y + 5*k = 32. What is the highest common factor of y and 11?
11
Let v(s) = -s**2 + 14*s + 8. Let b = -38 + 51. Let h be v(b). Suppose 2*n - 32 - 10 = 0. What is the greatest common factor of n and h?
21
Let r be ((-104)/(-4))/((-2)/(-4)). Let o be 4/22 - 9416/(-121). Calculate the highest common factor of o and r.
26
Suppose 577 = 5*z - 2*r, 0 = -7*r + 6*r + 4. What is the highest common divisor of 13 and z?
13
Let b be 6/8 - (-115)/(-20). Let s(k) = 2*k**2 + 7*k + 8. Let r be s(b). Let x = r + -14. What is the greatest common divisor of x and 18?
9
Let o(d) = 20*d - 32. Let k be o(4). Calculate the greatest common divisor of k and 128.
16
Suppose -3*q + 32 = n, q = 3*n + 13 - 109. What is the highest common factor of 24 and n?
8
Suppose 0 = -113*y + 1118 + 2498. Let k be 382/8 - (-2)/8. Calculate the greatest common divisor of k and y.
16
Let u = 72 + -74. Let m be 5/u*(-80)/100. What is the highest common factor of m and 3?
1
Let v be (-12)/14*(-112)/24. Suppose q - 3*i = -21, -3*q - 2*i - 93 = 3. Let z = 6 - q. What is the highest common divisor of v and z?
4
Suppose -2*c - 164 + 450 = 0. Suppose -3*l = -3*f + 51, -2*f = -4*f - 3*l + 39. Let p = -5 + f. Calculate the greatest common factor of p and c.
13
Let k = 659 - 650. Let s(v) = -v**3 + 5*v**2 + 2*v + 3. Let z be s(3). What is the highest common factor of z and k?
9
Let r be (100/(-10) + 3)*-1. Calculate the greatest common factor of r and 875.
7
Let c be 4*(2 - 3 - -2). Suppose 0 = l + l + c*z - 18, -z + 27 = 5*l. Suppose b - l*b + 116 = 0. What is the highest common factor of 29 and b